 0. What is the remainder when r is divided by 20?
19
Let g(t) = 31*t + 8. Let j = 98 + -97. Let s = 13 + 2. Calculate the remainder when g(j) is divided by s.
9
Let g(f) = f**2 - 14*f. Let t be g(14). Suppose t*y - 5*y + 45 = 0. Let h(m) = m**3 - 9*m**2 + 6*m - 22. Calculate the remainder when 93 is divided by h(y).
29
Let w = -381 + 330. What is the remainder when (-3972)/w - (53/(-17) + 3) is divided by 16?
14
Let x(z) = 4*z**3 + 2*z**2 + z. Let s be x(1). Suppose 4*c + s*c - 704 = 0. What is the remainder when 254 is divided by c?
62
Suppose q + 91 = 8*q. Calculate the remainder when 2154 is divided by q.
9
Let y(s) = -s**3 + 5*s**2 + 7*s + 5. Let k = 9 + -2. Suppose k = -2*q + 19. What is the remainder when 21 is divided by y(q)?
10
Calculate the remainder when 773 is divided by (-2 - (-158 + 2)) + -6 + 4/2.
23
Suppose -5*r + 378 = -642. Let s = -198 + r. Calculate the remainder when 10 is divided by s.
4
Let i = -54 + 273. Suppose -i*g + 213*g = -96. Calculate the remainder when 37 is divided by g.
5
Suppose 5*d + 58 = y, 2*d - 7*d + 15 = 0. Calculate the remainder when y is divided by 36/(-162) - (1 - 708/27).
23
Let c = 38 + -32. Let w be 861/14*4/c. Suppose 8 = 3*v + 5*r - w, -r + 29 = 3*v. What is the remainder when v is divided by 4?
0
Let f(v) = v**3 - 9*v**2 + 13*v - 7. Let d be f(10). Suppose -5*p = -d - 257. Suppose m = -m + p. Calculate the remainder when m is divided by 26.
22
Suppose -5*o = 4*f + 6, 3*f + 5 + 3 = -2*o. Suppose o*s = 79 - 19. What is the remainder when s is divided by 20/3 - 2/(-6)?
2
Let h = 14395 + -14380. What is the remainder when 127 is divided by h?
7
Let r = -138 + 162. Suppose 0 = r*o - 3*o - 987. What is the remainder when o is divided by 27?
20
Suppose -21*q + 18*q - 5*v + 3089 = 0, 3*q + 4*v - 3097 = 0. What is the remainder when q is divided by 154?
119
Suppose -115*s + 124 = -1946. Calculate the remainder when 161 is divided by s.
17
Let a(z) be the first derivative of -15*z**2/2 - 57*z - 107. Calculate the remainder when 163 is divided by a(-6).
31
What is the remainder when (-1)/7*621110/(-190) is divided by 126?
89
Let q(n) = -n + 18. Let m = 0 - -13. Let f be q(m). Let p = 37 - f. Calculate the remainder when 94 is divided by p.
30
Let j(d) = -2*d**3 - 10*d**2 - 18*d - 22. Let p be j(-7). Suppose 56*t - 66*t + p = 0. Let v = 15 - 7. What is the remainder when t is divided by v?
6
Let r = -47 - -91. Suppose 4*g + 0*g = -5*d + 101, -20 = -5*g. What is the remainder when r is divided by d?
10
Suppose -4*y - 3*w = -585, -143 = -2*y + 2*w + 167. What is the remainder when y is divided by (-2)/3 - -4*29/3?
36
Suppose -2*v - 647 + 791 = 0. Suppose 5*z - 57 - 23 = 0. What is the remainder when v is divided by z?
8
Suppose 15*u - 734 - 5881 = 0. Suppose -12*p = u - 2193. What is the remainder when p is divided by 42?
20
Suppose 5*y + b - 1906 = 0, 2*b + 16 = 8. Suppose 3*t = -253 + y. Calculate the remainder when 125 is divided by t.
39
Let i = 4 + 0. Suppose -g - i = -c + 2*g, 3 = -2*c - 5*g. Suppose 3*t - 5*d = 3, -3*t = -2*t + d - 1. What is the remainder when c is divided by t?
0
Let j(p) = 22*p**2 - 2754*p + 540. What is the remainder when j(125) is divided by (-8)/((-2)/2) + -1?
5
Let x(v) = v**2 - 1. What is the remainder when (24 - 4)*((-28)/4 - -8) is divided by x(-3)?
4
Let x be 0 + (97 + 1 - -1). What is the remainder when (138/8)/(x/44 + -2) is divided by (-2)/(1 + (-19)/18)?
33
Suppose g - 28*g - 441 = -3006. Calculate the remainder when g is divided by 1/2 + 469/14.
27
Let x(g) = g**3 + 12*g**2 + 10*g + 8. Let i be x(-10). Let m = i - -249. Calculate the remainder when m is divided by 90.
87
Let a(s) = -62*s + 200. Let m be a(8). Let q = 297 + m. Calculate the remainder when 9 is divided by q.
0
Let q = 591 + -253. Suppose -m = 5*h - 423, -h + 83 = 5*m - 4*m. Calculate the remainder when q is divided by h.
83
Suppose 5*y - 1088 = 4*g, -4*y - 4*g + 884 = -8. Calculate the remainder when y is divided by 135.
85
Calculate the remainder when 232 is divided by (-53)/(848/160)*-2.
12
Calculate the remainder when ((-1785)/63 - -17)/(4/198)*-17 is divided by 10.
7
Let r = 314 + -314. Calculate the remainder when 70 is divided by (-1 - r)*(-32 - -10).
4
Let x(o) = -9*o**2 - 370*o + 28. Calculate the remainder when 47608 is divided by x(-41).
67
Let v be (-3 - -6) + 378 + (-1)/1. Suppose 25*x - 5*x - v = 0. Calculate the remainder when 224 is divided by x.
15
Let c = 40 - 36. Suppose 5*l - 158 = c*o, 4*l - 2*l = 2*o + 62. What is the remainder when 132 is divided by l?
30
Let f(o) = 4*o + 99. Let y be f(-33). Calculate the remainder when (-308)/y*105/10 is divided by 51.
47
Suppose 52 = 4*v - 2*j, 3*v + 2*j - j = 39. Suppose -213 = -v*k + 385. Calculate the remainder when 90 is divided by k.
44
Suppose 2*p + 26 - 100 = 0. Suppose 3 = 5*b - n, -6*n = -5*n + 3. Suppose b = 4*a + a - 65. Calculate the remainder when p is divided by a.
11
Suppose 1076 = -212*j + 214*j + 5*w, 0 = -5*j + 3*w + 2783. What is the remainder when j is divided by 56?
49
Suppose 16*h - 2*h = -3*h + 17748. Calculate the remainder when h is divided by 19.
18
Suppose 4*h + 5*g = 8247, -4*g - g + 2058 = h. Calculate the remainder when h is divided by 172.
171
Suppose 0 = -s - 5*d + 7 + 1, -4*d = -2*s + 30. Calculate the remainder when 100 is divided by s.
9
Let u(n) = n**3 + 11*n**2 - 27*n - 1. Let k = -44 - -31. Calculate the remainder when 24 is divided by u(k).
0
Suppose l - 3*r - 34 = 12, 4*l - 2*r = 224. What is the remainder when 350 is divided by l?
2
Let a(w) = 11*w + 15*w + 28*w + 222 - 16*w + w**2 - 32. Calculate the remainder when a(-41) is divided by 45.
43
Suppose -2*s = -c + 265, 96*c - 99*c - 4*s + 795 = 0. Calculate the remainder when c is divided by 57.
37
Let a = 222 - 146. Let d = -604 - -697. Calculate the remainder when d is divided by a.
17
Suppose 0 = -19*v + 20*v + 21. Let j(z) = 2*z**2 + 40*z - 31. What is the remainder when 295 is divided by j(v)?
9
Let f be 7 + 783 - (0 + 0). Suppose 524 = 2*y - f. Calculate the remainder when y is divided by 60.
57
Let d be ((-26)/39)/((-1)/3). Suppose -y - d = 13. What is the remainder when 9*(-10)/y*16 is divided by 14?
12
Calculate the remainder when 2540 is divided by ((-6)/5)/(12/28 + (-74)/140).
8
Let w be (138 - 3) + (-4 - -2) + -2. Suppose -316 - w = -3*o. Let a = -58 + o. Calculate the remainder when a is divided by 23.
22
Suppose 19403 = 151*u - 8665 - 924. Calculate the remainder when 1332 is divided by u.
180
Let u(w) = -5*w**3 - 34*w**2 - 64*w + 7. Calculate the remainder when 334 is divided by u(-3).
26
Suppose -4*a + 12 = 4*p - 6*p, 4*p - 5*a + 9 = 0. Suppose 39 = -p*z + 47. What is the remainder when 5 is divided by z?
1
Let y(p) = -p**3 + 23*p**2 - 90*p + 203. What is the remainder when y(16) is divided by 121?
71
Let l = -4035 + 4331. What is the remainder when l is divided by 45?
26
Suppose -26*r + 797 + 326 - 395 = 0. What is the remainder when 4754 is divided by r?
22
Suppose 2*h - 134 = 192. Suppose 563 = -5*y + h. Calculate the remainder when 37 is divided by y/(-5) - (0 - -3).
11
Let a(w) = -532*w - 4240. Let l(j) be the third derivative of -j**6/120 - 7*j**5/60 - 2*j**3/3 - 2*j**2. Calculate the remainder when l(-8) is divided by a(-8).
12
Suppose -3*f - 3*j + 54 = 0, j + 70 = 6*f - 3*f. Suppose -7*w = -62 - f. What is the remainder when 18 is divided by w?
6
Suppose 0 = -23*q + 45179 + 7491. What is the remainder when q is divided by 191?
189
Suppose 3*l - 3*u - 2064 = 0, 18*u - 20*u - 2064 = -3*l. Calculate the remainder when l is divided by 123.
73
Let i(z) = z**2 + z + 2. Let d be i(-3). Let m(o) = o**2 + 5*o + 12. Let x be m(-3). Suppose -f + x = -d. Calculate the remainder when f is divided by 9.
5
Calculate the remainder when (-2 - (-6202)/(-6))*((-702)/(-27) + -29) is divided by 74.
73
Let t be ((-9)/3)/(6/(-20)) + -5. Suppose t*i + 7*i = 120. Calculate the remainder when 169 is divided by i.
9
Let a(x) = 4*x**2 - 2*x - 3. Let v(d) = 20*d - 273. Let b be 80/24*(-168)/(-35). What is the remainder when v(b) is divided by a(-2)?
13
What is the remainder when 8/(-44) + (-26778)/(-22) is divided by 36?
29
Let k(p) = 4252*p + 51189. What is the remainder when k(-12) is divided by (44/(-3))/((-2)/6)?
33
Let s(a) = 54*a - 3148. Calculate th